{"id":243,"date":"2018-01-31T09:22:04","date_gmt":"2018-01-31T07:22:04","guid":{"rendered":"http:\/\/liceulrasnov.rdsbv.ro\/wordpress\/?page_id=243"},"modified":"2018-11-28T14:41:39","modified_gmt":"2018-11-28T12:41:39","slug":"echipa-de-proiect","status":"publish","type":"page","link":"https:\/\/liceulrasnov.rdsbv.ro\/wordpress\/echipa-de-proiect\/","title":{"rendered":"Echipa de proiect"},"content":{"rendered":"<h2>In ordinea de zi a C.A. din 27.11.2018 s-a\u00a0 aprobat echipa de management \u0219i a echipa de implementare\u00a0a proiectului ROSE ptentru\u00a0 anul \u0219colar 2018 &#8211; 2019.<\/h2>\n<h2><strong>Echipa de management:<\/strong><\/h2>\n<h3>&#8211; Dudulean Cristian &#8211; manager de proiect<\/h3>\n<h3>&#8211; Lungu Marius &#8211; asistent manager<\/h3>\n<h3>\u00a0&#8211; Corbo\u0219 Gabriela &#8211; secretar proiect<\/h3>\n<h3>\u00a0&#8211; Misic\u0103 Nicoleta &#8211; responsabil financiar<\/h3>\n<h3>\u00a0&#8211; Sec\u0103rea Maria &#8211; responsabil achizi\u021bii<\/h3>\n<p>&nbsp;<\/p>\n<h2><strong>Echipa de implementare:<\/strong><\/h2>\n<h3>&#8211; M\u0103eru\u021b Irina<\/h3>\n<h3>&#8211; Stan Alina<\/h3>\n<h3>&#8211; Arzoiu Adriana<\/h3>\n<h3>&#8211; Scurtu Dana<\/h3>\n<h3>&#8211; Ciocan Leontina<\/h3>\n<h3>&#8211; Mogan Elena<\/h3>\n<h3>&#8211; Proca Mihaela<\/h3>\n<h3>Dup\u0103 caz se pot ad\u0103uga \/ schimba membri prin anex\u0103 ulterioar\u0103 \u00een func\u021bie de cerin\u021bele proiectului.<\/h3>\n","protected":false},"excerpt":{"rendered":"<p>In ordinea de zi a C.A. din 27.11.2018 s-a\u00a0 aprobat echipa de management \u0219i a echipa de implementare\u00a0a proiectului ROSE &hellip; <\/p>\n","protected":false},"author":1,"featured_media":0,"parent":0,"menu_order":0,"comment_status":"closed","ping_status":"closed","template":"","meta":{"footnotes":""},"class_list":["post-243","page","type-page","status-publish","hentry"],"_links":{"self":[{"href":"https:\/\/liceulrasnov.rdsbv.ro\/wordpress\/wp-json\/wp\/v2\/pages\/243","targetHints":{"allow":["GET"]}}],"collection":[{"href":"https:\/\/liceulrasnov.rdsbv.ro\/wordpress\/wp-json\/wp\/v2\/pages"}],"about":[{"href":"https:\/\/liceulrasnov.rdsbv.ro\/wordpress\/wp-json\/wp\/v2\/types\/page"}],"author":[{"embeddable":true,"href":"https:\/\/liceulrasnov.rdsbv.ro\/wordpress\/wp-json\/wp\/v2\/users\/1"}],"replies":[{"embeddable":true,"href":"https:\/\/liceulrasnov.rdsbv.ro\/wordpress\/wp-json\/wp\/v2\/comments?post=243"}],"version-history":[{"count":8,"href":"https:\/\/liceulrasnov.rdsbv.ro\/wordpress\/wp-json\/wp\/v2\/pages\/243\/revisions"}],"predecessor-version":[{"id":610,"href":"https:\/\/liceulrasnov.rdsbv.ro\/wordpress\/wp-json\/wp\/v2\/pages\/243\/revisions\/610"}],"wp:attachment":[{"href":"https:\/\/liceulrasnov.rdsbv.ro\/wordpress\/wp-json\/wp\/v2\/media?parent=243"}],"curies":[{"name":"wp","href":"https:\/\/api.w.org\/{rel}","templated":true}]}}